e the prime factors of 56995?
5, 11399
List the prime factors of 4980.
2, 3, 5, 83
List the prime factors of 6855.
3, 5, 457
List the prime factors of 13266.
2, 3, 11, 67
What are the prime factors of 66?
2, 3, 11
List the prime factors of 4008.
2, 3, 167
What are the prime factors of 14205?
3, 5, 947
List the prime factors of 119900.
2, 5, 11, 109
List the prime factors of 116763.
3, 38921
What are the prime factors of 11259?
3, 139
What are the prime factors of 3618?
2, 3, 67
What are the prime factors of 551?
19, 29
What are the prime factors of 1996?
2, 499
List the prime factors of 2370.
2, 3, 5, 79
List the prime factors of 12404.
2, 7, 443
List the prime factors of 68147.
68147
List the prime factors of 15239.
7, 311
List the prime factors of 422.
2, 211
List the prime factors of 4250.
2, 5, 17
List the prime factors of 12597.
3, 13, 17, 19
List the prime factors of 1817.
23, 79
What are the prime factors of 28930?
2, 5, 11, 263
What are the prime factors of 2848?
2, 89
List the prime factors of 9343.
9343
What are the prime factors of 3062?
2, 1531
List the prime factors of 1125.
3, 5
What are the prime factors of 1583?
1583
List the prime factors of 15493.
15493
What are the prime factors of 2948?
2, 11, 67
List the prime factors of 1287.
3, 11, 13
What are the prime factors of 10032?
2, 3, 11, 19
What are the prime factors of 17766?
2, 3, 7, 47
What are the prime factors of 1920?
2, 3, 5
List the prime factors of 7240.
2, 5, 181
What are the prime factors of 71045?
5, 13, 1093
List the prime factors of 75.
3, 5
List the prime factors of 15942.
2, 3, 2657
What are the prime factors of 7166?
2, 3583
List the prime factors of 23707.
151, 157
What are the prime factors of 32324?
2, 8081
What are the prime factors of 6570?
2, 3, 5, 73
What are the prime factors of 2805?
3, 5, 11, 17
What are the prime factors of 476?
2, 7, 17
List the prime factors of 46120.
2, 5, 1153
What are the prime factors of 818?
2, 409
What are the prime factors of 58854?
2, 3, 17, 577
List the prime factors of 29879.
29879
List the prime factors of 3045.
3, 5, 7, 29
List the prime factors of 346.
2, 173
List the prime factors of 151511.
127, 1193
What are the prime factors of 465?
3, 5, 31
List the prime factors of 983.
983
What are the prime factors of 6006?
2, 3, 7, 11, 13
List the prime factors of 51274.
2, 31, 827
What are the prime factors of 3115?
5, 7, 89
List the prime factors of 2945.
5, 19, 31
What are the prime factors of 40730?
2, 5, 4073
List the prime factors of 2079.
3, 7, 11
What are the prime factors of 422?
2, 211
List the prime factors of 7188.
2, 3, 599
What are the prime factors of 4353?
3, 1451
List the prime factors of 1982.
2, 991
List the prime factors of 506.
2, 11, 23
What are the prime factors of 10586?
2, 67, 79
What are the prime factors of 2319?
3, 773
List the prime factors of 276.
2, 3, 23
What are the prime factors of 39006?
2, 3, 11, 197
List the prime factors of 11009.
101, 109
What are the prime factors of 14624?
2, 457
What are the prime factors of 1135?
5, 227
List the prime factors of 8536.
2, 11, 97
List the prime factors of 7715.
5, 1543
List the prime factors of 51348.
2, 3, 11, 389
What are the prime factors of 1151?
1151
List the prime factors of 126393.
3, 42131
What are the prime factors of 4019?
4019
List the prime factors of 46176.
2, 3, 13, 37
List the prime factors of 8921.
11, 811
List the prime factors of 87283.
7, 37, 337
List the prime factors of 505.
5, 101
What are the prime factors of 33742?
2, 16871
List the prime factors of 752.
2, 47
List the prime factors of 753.
3, 251
What are the prime factors of 5051?
5051
List the prime factors of 62525.
5, 41, 61
List the prime factors of 13041.
3, 7, 23
List the prime factors of 326.
2, 163
What are the prime factors of 1462?
2, 17, 43
List the prime factors of 18469.
11, 23, 73
What are the prime factors of 4796?
2, 11, 109
What are the prime factors of 22201?
149
What are the prime factors of 4293?
3, 53
List the prime factors of 39638.
2, 19819
List the prime factors of 3527.
3527
What are the prime factors of 972?
2, 3
List the prime factors of 10713.
3, 3571
List the prime factors of 141752.
2, 13, 29, 47
List the prime factors of 5253.
3, 17, 103
List the prime factors of 37002.
2, 3, 7, 881
List the prime factors of 1801.
1801
List the prime factors of 2220.
2, 3, 5, 37
What are the prime factors of 21437?
13, 17, 97
List the prime factors of 1479.
3, 17, 29
What are the prime factors of 84896?
2, 7, 379
What are the prime factors of 598?
2, 13, 23
What are the prime factors of 106?
2, 53
What are the prime factors of 791?
7, 113
What are the prime factors of 30?
2, 3, 5
List the prime factors of 33157.
71, 467
What are the prime factors of 449?
449
What are the prime factors of 48201?
3, 16067
List the prime factors of 1847.
1847
List the prime factors of 82432.
2, 7, 23
What are the prime factors of 307?
307
What are the prime factors of 21837?
3, 29, 251
What are the prime factors of 51437?
51437
What are the prime factors of 78?
2, 3, 13
What are the prime factors of 1028?
2, 257
List the prime factors of 29426.
2, 14713
List the prime factors of 4431.
3, 7, 211
What are the prime factors of 15934?
2, 31, 257
List the prime factors of 44449.
44449
List the prime factors of 2594.
2, 1297
What are the prime factors of 5879?
5879
What are the prime factors of 915?
3, 5, 61
List the prime factors of 3045.
3, 5, 7, 29
What are the prime factors of 1300?
2, 5, 13
What are the prime factors of 1557?
3, 173
What are the prime factors of 7645?
5, 11, 139
List the prime factors of 9481.
19, 499
What are the prime factors of 1391?
13, 107
What are the prime factors of 18953?
11, 1723
What are the prime factors of 947?
947
List the prime factors of 2431.
11, 13, 17
List the prime factors of 102127.
73, 1399
List the prime factors of 9225.
3, 5, 41
What are the prime factors of 22437?
3, 277
What are the prime factors of 995?
5, 199
What are the prime factors of 8977?
47, 191
List the prime factors of 1655.
5, 331
What are the prime factors of 6661?
6661
List the prime factors of 5.
5
List the prime factors of 3420.
2, 3, 5, 19
List the prime factors of 37632.
2, 3, 7
List the prime factors of 247.
13, 19
What are the prime factors of 25910?
2, 5, 2591
What are the prime factors of 87910?
2, 5, 59, 149
What are the prime factors of 3190?
2, 5, 11, 29
What are the prime factors of 8744?
2, 1093
What are the prime factors of 1717?
17, 101
What are the prime factors of 3365?
5, 673
What are the prime factors of 18608?
2, 1163
What are the prime factors of 53333?
7, 19, 401
List the prime factors of 494.
2, 13, 19
List the prime factors of 2984.
2, 373
What are the prime factors of 25171?
25171
What are the prime factors of 4411?
11, 401
What are the prime factors of 1839?
3, 613
What are the prime factors of 11477?
23, 499
List the prime factors of 257.
257
What are the prime factors of 21896?
2, 7, 17, 23
List the prime factors of 10420.
2, 5, 521
What are the prime factors of 107836?
2, 26959
List the prime factors of 17821.
71, 251
List the prime factors of 3074.
2, 29, 53
List the prime factors of 42.
2, 3, 7
List the prime factors of 19892.
2, 4973
List the prime factors of 1038.
2, 3, 173
What are the prime factors of 4026?
2, 3, 11, 61
List the prime factors of 58385.
5, 11677
What are the prime factors of 16108?
2, 4027
List the prime factors of 60894.
2, 3, 17, 199
What are the prime factors of 25404?
2, 3, 29, 73
List the prime factors of 776.
2, 97
List the prime factors of 6988.
2, 1747
What are the prime factors of 6740?
2, 5, 337
What are the prime factors of 7740?
2, 3, 5, 43
What are the prime factors of 443?
443
What are the prime factors of 14922?
2, 3, 829
What are the prime factors of 2213?
2213
What are the prime factors of 18608?
2, 1163
List the prime factors of 109087.
11, 47, 211
What are the prime factors of 60248?
2, 17, 443
What are the prime factors of 1391?
13, 107
What are the prime factors of 21296?
2, 11
What are the prime factors of 35988?
2, 3, 2999
List the prime factors of 28816.
2, 1801
List the prime factors of 11309.
43, 263
List the prime factors of 4285.
5, 857
What are the prime factors of 1867?
1867
What are the prime 